est common factor of 875 and 475265?
35
Calculate the highest common factor of 20476 and 8.
4
What is the highest common factor of 2840928 and 24?
24
What is the greatest common factor of 350523 and 1422?
711
Calculate the highest common divisor of 421 and 5.
1
Calculate the highest common factor of 150535 and 27071.
253
What is the highest common divisor of 344 and 6096884?
172
Calculate the highest common factor of 12414 and 144.
6
What is the highest common divisor of 225 and 8355?
15
What is the greatest common factor of 361688 and 2552?
232
What is the greatest common divisor of 143720 and 40?
40
What is the highest common factor of 18298 and 161?
7
Calculate the highest common divisor of 16919 and 2.
1
What is the greatest common divisor of 54115 and 17775?
395
What is the highest common factor of 138 and 432354?
138
Calculate the greatest common factor of 877040 and 304.
304
Calculate the highest common factor of 228 and 19560.
12
Calculate the highest common factor of 63 and 12399.
3
What is the greatest common divisor of 494 and 1786?
38
Calculate the highest common divisor of 75 and 137355.
15
What is the greatest common factor of 1581 and 5208?
93
What is the highest common factor of 527 and 15469?
31
Calculate the greatest common factor of 239136 and 846.
282
What is the greatest common divisor of 23355 and 405?
135
What is the highest common divisor of 264 and 12531024?
264
Calculate the greatest common factor of 686 and 727846.
686
Calculate the highest common divisor of 374034 and 1026.
114
What is the highest common divisor of 1166 and 1540?
22
What is the greatest common divisor of 264018 and 1185?
237
What is the highest common divisor of 5680 and 100?
20
What is the greatest common factor of 112148 and 212?
212
Calculate the highest common divisor of 1398125 and 4375.
625
Calculate the greatest common factor of 88 and 268136.
88
Calculate the greatest common divisor of 2500 and 24000.
500
Calculate the highest common divisor of 401234 and 68.
34
What is the highest common factor of 12274 and 11084?
34
Calculate the greatest common divisor of 564606 and 42.
42
What is the highest common factor of 20 and 27964?
4
What is the greatest common factor of 5915 and 560?
35
Calculate the highest common divisor of 22332 and 450.
6
Calculate the highest common factor of 2134795 and 117.
13
What is the greatest common divisor of 80574 and 4056?
78
Calculate the greatest common factor of 105 and 1468950.
105
Calculate the highest common factor of 21975 and 150.
75
What is the greatest common divisor of 2355 and 105?
15
Calculate the highest common factor of 1623 and 11.
1
What is the greatest common divisor of 12598 and 6?
2
Calculate the greatest common factor of 87 and 4457532.
87
What is the greatest common divisor of 1089 and 262328?
121
What is the greatest common factor of 148 and 4895692?
148
Calculate the highest common divisor of 36 and 432018.
18
What is the greatest common divisor of 44030 and 2738?
74
What is the highest common divisor of 58040 and 225?
5
What is the greatest common divisor of 23845 and 502?
251
What is the highest common divisor of 2075 and 70135?
415
What is the greatest common factor of 61530 and 350?
70
Calculate the greatest common factor of 265 and 1270940.
265
What is the greatest common divisor of 220477 and 141?
47
What is the greatest common factor of 35 and 493745?
35
Calculate the greatest common divisor of 155 and 181505.
155
What is the greatest common divisor of 2 and 981326?
2
Calculate the greatest common divisor of 1406371 and 1171.
1171
Calculate the highest common divisor of 4 and 1085156.
4
Calculate the greatest common factor of 943 and 5453.
41
Calculate the greatest common factor of 1806 and 75250.
602
Calculate the greatest common divisor of 6 and 529467.
3
What is the greatest common divisor of 624 and 51?
3
What is the greatest common divisor of 4858 and 224?
14
What is the highest common factor of 723330 and 513?
513
Calculate the highest common divisor of 235 and 227245.
235
Calculate the highest common factor of 26 and 435149.
13
What is the highest common factor of 16333944 and 24?
24
What is the highest common factor of 131244 and 12?
12
What is the greatest common factor of 147775 and 460?
115
What is the greatest common factor of 648 and 135?
27
What is the highest common divisor of 5520 and 11856?
48
Calculate the greatest common divisor of 147 and 11991.
21
Calculate the highest common divisor of 3944 and 10208.
232
What is the greatest common factor of 4732130 and 1157?
1157
What is the highest common factor of 1184 and 624116?
148
Calculate the greatest common factor of 2245082 and 539.
49
What is the greatest common divisor of 169279 and 242?
121
What is the greatest common factor of 448 and 16156?
28
Calculate the highest common divisor of 168 and 63049.
7
Calculate the greatest common factor of 216151 and 338.
169
What is the highest common divisor of 56 and 2711282?
14
What is the greatest common factor of 774420 and 180?
60
Calculate the highest common factor of 1052008 and 4.
4
What is the greatest common factor of 30717 and 18?
9
Calculate the greatest common divisor of 469 and 180096.
469
Calculate the highest common factor of 2100 and 1284.
12
What is the highest common divisor of 168 and 1474368?
168
What is the highest common divisor of 28 and 370076?
28
Calculate the greatest common divisor of 2785 and 640.
5
Calculate the greatest common divisor of 46293 and 78.
39
What is the greatest common divisor of 141 and 4207111?
47
Calculate the highest common factor of 198 and 22.
22
What is the greatest common divisor of 21402 and 522?
522
What is the greatest common factor of 2320 and 21808?
464
What is the greatest common divisor of 79524 and 1?
1
Calculate the greatest common divisor of 2130 and 119990.
710
Calculate the greatest common divisor of 245 and 30765.
35
Calculate the highest common divisor of 1224 and 40239.
153
Calculate the greatest common factor of 15021234 and 459.
459
What is the highest common factor of 1016791 and 71?
71
Calculate the highest common divisor of 12 and 270380.
4
What is the greatest common divisor of 2268 and 9408?
84
What is the greatest common divisor of 46440 and 840?
120
What is the highest common divisor of 437494 and 8816?
1102
Calculate the greatest common factor of 108 and 53892.
108
What is the highest common divisor of 89 and 88377?
89
What is the highest common factor of 1585 and 85?
5
What is the greatest common divisor of 50 and 478700?
50
What is the highest common factor of 49981 and 10261?
331
What is the highest common factor of 2146375 and 3345?
1115
Calculate the greatest common factor of 607899 and 194.
97
Calculate the highest common factor of 26 and 19045.
13
Calculate the highest common factor of 2479542 and 766.
766
What is the highest common factor of 32393 and 16124?
29
Calculate the highest common factor of 56 and 95396.
28
Calculate the greatest common divisor of 16663 and 57.
19
Calculate the greatest common divisor of 47138 and 3108.
518
Calculate the highest common divisor of 5850 and 39325.
325
What is the highest common factor of 310 and 1087015?
155
Calculate the greatest common divisor of 389 and 3939792.
389
Calculate the greatest common divisor of 270 and 101820.
30
What is the highest common divisor of 31756 and 340?
68
Calculate the greatest common factor of 32 and 20708.
4
What is the greatest common factor of 18 and 172857?
3
What is the greatest common factor of 25187 and 267?
89
Calculate the highest common factor of 31819 and 235.
47
What is the greatest common divisor of 289 and 291601?
289
What is the highest common factor of 1199 and 17549?
109
Calculate the highest common factor of 217690 and 20.
10
Calculate the greatest common factor of 74 and 628149.
37
Calculate the highest common divisor of 72 and 66348.
36
Calculate the greatest common divisor of 22928497 and 1387.
1387
What is the greatest common divisor of 3465 and 2094015?
1155
What is the greatest common factor of 8130 and 1871526?
1626
What is the greatest common factor of 24747 and 2628?
219
Calculate the highest common divisor of 49 and 426447.
49
What is the highest common divisor of 66 and 32670?
66
What is the h